 when 2/8 + (-211)/(-4) is divided by j.
11
Suppose 338 = 5*l - 147. Let u = l - 87. Let a = -7 + u. What is the remainder when 26 is divided by a?
2
Suppose 4*l = 5*p + 112, 41*l - 42*l + 28 = p. Let h(n) = 2*n**2 - n - 1. Let q be h(3). What is the remainder when l is divided by q + 0 + 4 + -6?
4
Suppose 19*k = 7*k + 108. Let c be k/2*24/18. Suppose 0 = c*g - 3 - 141. Calculate the remainder when 143 is divided by g.
23
Let r(a) = -123*a - 4594. What is the remainder when 693 is divided by r(-39)?
84
Let c = -80 - -48. Let w = c + 89. Suppose 43 = -2*s + 73. What is the remainder when w is divided by s?
12
What is the remainder when 1052 is divided by 4/(-1)*(105 + -107)?
4
Let h = -9 - -14. Suppose 2*t + 213 = h*t. Calculate the remainder when t is divided by ((-2)/13 - 1517/533)*-7.
8
Let f be 27/(-6)*8/(-6). Let m be 5 + (-4)/(-18) + 12/(-54). Suppose f*v = m*v + 3. Calculate the remainder when 21 is divided by v.
0
Calculate the remainder when 7703 is divided by (1 + -5)*((-1008)/532 + 2/(-19)).
7
Suppose -6*y + y + 85 = 0. Calculate the remainder when 128 - (-75)/((-1575)/(-84)) is divided by y.
13
Let x = -6413 - -6499. Calculate the remainder when 556 is divided by x.
40
Let a = 183 - 118. Suppose 29 - a = -2*x. What is the remainder when 121 is divided by x?
13
Suppose -2*d = -5*l - 238, -22*d + 338 = -19*d + 2*l. Calculate the remainder when 1038 is divided by d.
12
Let q = 68 + -48. Let g(x) = 5*x - 182. Let b be g(36). What is the remainder when b + (118 - 3 - -6) is divided by q?
19
Let a be (-90)/(-6)*(-4)/6. Suppose -18*x + 4*d = -15*x - 254, 3*x + 3*d - 219 = 0. What is the remainder when x is divided by a/(-50) + 268/10?
24
Suppose a = 3*l - 7 + 2, 2*l - 8 = 3*a. What is the remainder when (-1)/a + 452/8 is divided by 20?
17
Let o = 22 - -19. Suppose -16*p + 425 = -135. Suppose -8*z + p = -3*z. Calculate the remainder when o is divided by z.
6
Suppose 7*a - 9 = 75. Let q = 19 - -6. Let n = q + 12. What is the remainder when n is divided by a?
1
Let i be (-7)/((-28)/(-16)) + 11. Let f be -1*1*-1*(i - 0). Suppose 120 = -w + f*w. Calculate the remainder when w is divided by 3.
2
Let u be (-3)/(((-45)/(-66))/5). Let f(m) = -m - 19. Let d be f(u). Suppose 5*w - d*w = 32. What is the remainder when 61 is divided by w?
13
Let c(s) = 38*s**3 + s**2. Let q be c(-1). Let z = q - -48. Suppose h = -z + 75. What is the remainder when h is divided by 34?
30
Let m = -54 - -112. Suppose -64 + 76 = 3*z. Suppose -7*y + 2*y = -25, 0 = s + z*y - 36. What is the remainder when m is divided by s?
10
Suppose d - 5*d = -348. Let j(b) = 1710*b - 68356. Calculate the remainder when d is divided by j(40).
43
Suppose 93 = 2*u - 9. Calculate the remainder when 103 is divided by 442/u*(5 - 2).
25
Let s(r) = -5*r**3 + 2*r**2 - 235*r - 706. Let x = -13 + 45. Calculate the remainder when s(-3) is divided by x.
24
Calculate the remainder when ((-87)/(-6))/((-49)/2 - -25) is divided by 1 - -2*(-22)/(-4).
5
Let f be 1*(4 - (-3 - -4)). Let y be f*(-4)/(-30)*10. What is the remainder when (6/(-5))/(y/(-50)) is divided by 3?
0
Suppose -10*w + 1963 - 523 = 2*w. Let k = 101 + -70. What is the remainder when w is divided by k?
27
Suppose -3*y - 40 = -11*y. Suppose y + 15 = 5*d. Suppose -d*i + r + 3*r = -8, 0 = 3*i + r - 18. Calculate the remainder when i is divided by 3.
2
Suppose -16*z + 10*z - 360954 = -72*z. What is the remainder when z is divided by 19?
16
Let o(y) = 2*y**3 + 11*y**2 - 230*y + 406. Suppose 0 = -4*d + 3*d - 5*b + 117, -6 = -2*b. What is the remainder when d is divided by o(7)?
18
Suppose 460 = 5*q - c, 2*q + 5*c - 118 = q. Calculate the remainder when 182 is divided by q.
89
Suppose 5*x - 5 + 40 = 0. Suppose -m + 38 = -4. Let l = x + m. Calculate the remainder when l is divided by 19.
16
Suppose -1350 = 11988*n - 12038*n. Calculate the remainder when 3232 is divided by n.
19
Suppose -4*a + 1979 = 797 - 6634. What is the remainder when a is divided by 973?
8
Suppose -6*j = -2*j - 2*w - 248, 5*w = 0. Let l = j - 60. Calculate the remainder when (-160)/((-8)/l) - (2 + -2) is divided by 15.
10
Suppose -19*q - 1152 = 17*q. Let w(b) = -b**3 - 29*b**2 + 93*b - 36. What is the remainder when 112 is divided by w(q)?
52
Let t = 554 - 277. Let l = t - 220. Calculate the remainder when 183 is divided by l.
12
Suppose -63*q = 2*x - 66*q - 173, x + 3*q - 100 = 0. What is the remainder when 581 is divided by x?
35
Suppose -3*c - 4404 = 15*c - 15294. Calculate the remainder when c is divided by 163.
116
Let r be (-3)/(-5) - 16/10. Let o = 376 - 370. What is the remainder when (-4)/(r + 3) + 17 is divided by o?
3
Let f = 6386 + -5836. What is the remainder when f is divided by 104?
30
Let l(t) = -t**3 + 29*t**2 + 223*t - 297. Let u = -24 - -47. Calculate the remainder when l(35) is divided by u.
20
Let n = 25 - 186. Let f = n - -438. What is the remainder when f is divided by 35?
32
Let c be (-1)/((-3)/(-5))*3 + 5. Suppose -4*i = g + 10, 4*g + 4*i + c*i - 20 = 0. What is the remainder when 40 is divided by g?
0
Let k = -99 - -102. Suppose 0*p - 5*p = 5*m - 325, 200 = k*m + 4*p. What is the remainder when 178 is divided by m?
58
Let c(o) = -4*o**3 + 40*o**2 - 29*o + 30. Calculate the remainder when c(7) is divided by 75.
40
Suppose w + 0*w - 19 = -4*v, 2*v + 2*w = 8. Suppose 0*j + 220 = v*j. Calculate the remainder when (-7)/(105/(-1236)) + 3/5 is divided by j.
39
Let o(c) = -20*c + 10. Let m(n) = -25*n + 12. Let a(b) = 6*m(b) - 5*o(b). Suppose 3*t - 30 = t. Calculate the remainder when a(-1) is divided by t.
12
Suppose -5*u = 235 + 275. Let x = 175 + u. Suppose -x = -3*y + 5*f, -3*y = -4*y - 3*f + 43. What is the remainder when y is divided by 7?
3
Let v = -95 + -311. Let h = v + 608. Let p = 78 - 44. Calculate the remainder when h is divided by p.
32
Let q be (-35)/28 - (-6807)/12. What is the remainder when q/(-1415) + (1 - (-1544)/10) is divided by 40?
35
Let j be (0 + 1)/((-2)/(-312)). Let t = -22809 - -22829. Suppose k - j + t = 0. What is the remainder when k is divided by 36?
28
Let i = 530 + -146. Let b = -148 + i. Suppose 0 = -0*n + 2*n - b. Calculate the remainder when n is divided by 30.
28
Suppose 2*v - 4*z - 4 = 0, -3*v + 56*z - 51*z = -5. Suppose v = -5*x + 4*o + 425, 2*x + 4*o = 236 - 66. Calculate the remainder when x is divided by 8.
5
Suppose 28*u + 90 = -2*u. Calculate the remainder when 174 is divided by (-12 + 0/u)*12/(-9).
14
Suppose -4*l - 1 - 3 = 0. Let r(k) = -2 - 3 + 2 - 57*k + 4 + 17*k. What is the remainder when r(l) is divided by 14?
13
Suppose -g + 50 = -6*g. Let y = g + 20. Let s(j) = -4*j**2 + 64*j - 1. What is the remainder when s(15) is divided by y?
9
Suppose 2*u = -2*t + 8744, 0 = t - 56 + 50. Calculate the remainder when u is divided by 11.
10
Suppose 4*j + 10 + 18 = -2*n, -5*j = 15. Calculate the remainder when (370/n)/(26/(-104)) is divided by 21.
17
Let w(k) = k**3 - 2*k**2 - 53*k - 8. Calculate the remainder when 224 is divided by w(9).
60
Suppose -42*g + 40*g = -20. Suppose -11*t + i = -13*t + 11, g = t - i. What is the remainder when 97 is divided by t?
6
Let j(v) = -v**3 + v + 17. Calculate the remainder when j(0) is divided by 19 - (-22)/(-11)*4.
6
Suppose 0 = -21*w - 180 + 1167. Let o(s) = 11*s**3 + 2*s**2 - s. Let q be ((4 - -4)/4)/2. What is the remainder when w is divided by o(q)?
11
Suppose -2*h = -2*l - 568, h - 284 = -2*l - 2*l. Let k = -7 - -45. Suppose 0 = -6*x + h - k. What is the remainder when x is divided by 22?
19
Let z(q) = -q**2 - 7*q - 3. Let p be z(-6). Suppose r + 2*r = p*n - 123, -n = 3*r - 45. Calculate the remainder when n is divided by 25.
17
Suppose -8*b - 364 = -15*b. Let a = b + -23. Calculate the remainder when a is divided by 4.
1
Let s = -987 - -2050. Let n = 1556 - s. What is the remainder when n is divided by 26?
25
Calculate the remainder when (76524/70)/(4*12/160) is divided by 7.
4
Let d(m) = 47*m - 19. Let g be -29 + 32 + 2/(-2). What is the remainder when d(g) is divided by 16?
11
Let h(s) = s**3 + 33*s**2 + 36*s - 26. Let n be h(-31). Suppose -52 = 8*g - n. Suppose -88 - 36 = -4*i. Calculate the remainder when g is divided by i.
29
Suppose 15*x + 9*x - 2059 = 1541. What is the remainder when 185 is divided by x?
35
Let s be ((-30)/9)/(11/(-33)). Calculate the remainder when 4 - 